{"id":147,"date":"2020-08-27T23:19:42","date_gmt":"2020-08-27T23:19:42","guid":{"rendered":"http:\/\/laurowisnie.pl\/?page_id=147"},"modified":"2025-09-26T08:11:39","modified_gmt":"2025-09-26T08:11:39","slug":"oferta-sadzonek","status":"publish","type":"page","link":"https:\/\/laurowisnie.pl\/index.php\/oferta-sadzonek\/","title":{"rendered":"Oferta"},"content":{"rendered":"\t\t<div data-elementor-type=\"wp-page\" data-elementor-id=\"147\" class=\"elementor elementor-147\" data-elementor-post-type=\"page\">\n\t\t\t\t\t\t<section class=\"elementor-section elementor-top-section elementor-element elementor-element-66d2db4f elementor-section-content-middle elementor-section-boxed elementor-section-height-default elementor-section-height-default\" data-id=\"66d2db4f\" data-element_type=\"section\">\n\t\t\t\t\t\t<div class=\"elementor-container elementor-column-gap-no\">\n\t\t\t\t\t<div class=\"elementor-column elementor-col-100 elementor-top-column elementor-element elementor-element-7f770b6a\" data-id=\"7f770b6a\" data-element_type=\"column\">\n\t\t\t<div class=\"elementor-widget-wrap elementor-element-populated\">\n\t\t\t\t\t\t<div class=\"elementor-element elementor-element-673d2269 elementor-widget elementor-widget-heading\" data-id=\"673d2269\" data-element_type=\"widget\" data-widget_type=\"heading.default\">\n\t\t\t\t<div class=\"elementor-widget-container\">\n\t\t\t\t\t<h1 class=\"elementor-heading-title elementor-size-default\">Du\u017ce krzewy laurowi\u015bni Novita<\/h1>\t\t\t\t<\/div>\n\t\t\t\t<\/div>\n\t\t\t\t<div class=\"elementor-element elementor-element-efafec2 elementor-widget-divider--view-line elementor-widget elementor-widget-divider\" data-id=\"efafec2\" data-element_type=\"widget\" data-widget_type=\"divider.default\">\n\t\t\t\t<div class=\"elementor-widget-container\">\n\t\t\t\t\t\t\t<div class=\"elementor-divider\">\n\t\t\t<span class=\"elementor-divider-separator\">\n\t\t\t\t\t\t<\/span>\n\t\t<\/div>\n\t\t\t\t\t\t<\/div>\n\t\t\t\t<\/div>\n\t\t\t\t\t<\/div>\n\t\t<\/div>\n\t\t\t\t\t<\/div>\n\t\t<\/section>\n\t\t\t\t<section class=\"elementor-section elementor-top-section elementor-element elementor-element-3a483ff elementor-section-boxed elementor-section-height-default elementor-section-height-default\" data-id=\"3a483ff\" data-element_type=\"section\">\n\t\t\t\t\t\t<div class=\"elementor-container elementor-column-gap-default\">\n\t\t\t\t\t<div class=\"elementor-column elementor-col-33 elementor-top-column elementor-element elementor-element-69b4672\" data-id=\"69b4672\" data-element_type=\"column\">\n\t\t\t<div class=\"elementor-widget-wrap elementor-element-populated\">\n\t\t\t\t\t\t<div class=\"elementor-element elementor-element-f654620 elementor-widget elementor-widget-image\" data-id=\"f654620\" data-element_type=\"widget\" data-widget_type=\"image.default\">\n\t\t\t\t<div class=\"elementor-widget-container\">\n\t\t\t\t\t\t\t\t\t\t\t\t\t\t\t<img fetchpriority=\"high\" decoding=\"async\" width=\"200\" height=\"300\" src=\"https:\/\/laurowisnie.pl\/wp-content\/uploads\/2022\/04\/prunus_lauroseracus_novita_80-200x300.jpg\" class=\"attachment-medium size-medium wp-image-351\" alt=\"\" srcset=\"https:\/\/laurowisnie.pl\/wp-content\/uploads\/2022\/04\/prunus_lauroseracus_novita_80-200x300.jpg 200w, https:\/\/laurowisnie.pl\/wp-content\/uploads\/2022\/04\/prunus_lauroseracus_novita_80-683x1024.jpg 683w, https:\/\/laurowisnie.pl\/wp-content\/uploads\/2022\/04\/prunus_lauroseracus_novita_80-768x1152.jpg 768w, https:\/\/laurowisnie.pl\/wp-content\/uploads\/2022\/04\/prunus_lauroseracus_novita_80.jpg 800w\" sizes=\"(max-width: 200px) 100vw, 200px\" \/>\t\t\t\t\t\t\t\t\t\t\t\t\t\t\t<\/div>\n\t\t\t\t<\/div>\n\t\t\t\t\t<\/div>\n\t\t<\/div>\n\t\t\t\t<div class=\"elementor-column elementor-col-33 elementor-top-column elementor-element elementor-element-c7841dd\" data-id=\"c7841dd\" data-element_type=\"column\">\n\t\t\t<div class=\"elementor-widget-wrap elementor-element-populated\">\n\t\t\t\t\t\t<div class=\"elementor-element elementor-element-3a07482 elementor-widget elementor-widget-text-editor\" data-id=\"3a07482\" data-element_type=\"widget\" data-widget_type=\"text-editor.default\">\n\t\t\t\t<div class=\"elementor-widget-container\">\n\t\t\t\t\t\t\t\t\t<h4><span class=\"product-item-smaller\">Laurowi\u015bnia Novita 60-80 cm<\/span><\/h4><h5 class=\"page-title\">\u00a0<\/h5><p>Odleg\u0142o\u015b\u0107 sadzenia: 4 szt. na metr<\/p>\t\t\t\t\t\t\t\t<\/div>\n\t\t\t\t<\/div>\n\t\t\t\t\t<\/div>\n\t\t<\/div>\n\t\t\t\t<div class=\"elementor-column elementor-col-33 elementor-top-column elementor-element elementor-element-5183646\" data-id=\"5183646\" data-element_type=\"column\">\n\t\t\t<div class=\"elementor-widget-wrap elementor-element-populated\">\n\t\t\t\t\t\t<div class=\"elementor-element elementor-element-f1d3f52 elementor-widget elementor-widget-text-editor\" data-id=\"f1d3f52\" data-element_type=\"widget\" data-widget_type=\"text-editor.default\">\n\t\t\t\t<div class=\"elementor-widget-container\">\n\t\t\t\t\t\t\t\t\t<p>CENA 60,00 z\u0142\/ szt.<\/p>\t\t\t\t\t\t\t\t<\/div>\n\t\t\t\t<\/div>\n\t\t\t\t<div class=\"elementor-element elementor-element-21fa9e5 elementor-align-center elementor-widget elementor-widget-button\" data-id=\"21fa9e5\" data-element_type=\"widget\" data-widget_type=\"button.default\">\n\t\t\t\t<div class=\"elementor-widget-container\">\n\t\t\t\t\t\t\t\t\t<div class=\"elementor-button-wrapper\">\n\t\t\t\t\t<a class=\"elementor-button elementor-button-link elementor-size-sm\" href=\"tel:+48536903099\">\n\t\t\t\t\t\t<span class=\"elementor-button-content-wrapper\">\n\t\t\t\t\t\t\t\t\t<span class=\"elementor-button-text\">Tel<\/span>\n\t\t\t\t\t<\/span>\n\t\t\t\t\t<\/a>\n\t\t\t\t<\/div>\n\t\t\t\t\t\t\t\t<\/div>\n\t\t\t\t<\/div>\n\t\t\t\t\t<\/div>\n\t\t<\/div>\n\t\t\t\t\t<\/div>\n\t\t<\/section>\n\t\t\t\t<section class=\"elementor-section elementor-top-section elementor-element elementor-element-0eeb00a elementor-section-boxed elementor-section-height-default elementor-section-height-default\" data-id=\"0eeb00a\" data-element_type=\"section\">\n\t\t\t\t\t\t<div class=\"elementor-container elementor-column-gap-default\">\n\t\t\t\t\t<div class=\"elementor-column elementor-col-33 elementor-top-column elementor-element elementor-element-883d3d8\" data-id=\"883d3d8\" data-element_type=\"column\">\n\t\t\t<div class=\"elementor-widget-wrap elementor-element-populated\">\n\t\t\t\t\t\t<div class=\"elementor-element elementor-element-6f620a8 elementor-widget elementor-widget-image\" data-id=\"6f620a8\" data-element_type=\"widget\" data-widget_type=\"image.default\">\n\t\t\t\t<div class=\"elementor-widget-container\">\n\t\t\t\t\t\t\t\t\t\t\t\t\t\t\t<img decoding=\"async\" width=\"200\" height=\"300\" src=\"https:\/\/laurowisnie.pl\/wp-content\/uploads\/2022\/04\/prunus_lauroseracus_novita_100-200x300.jpg\" class=\"attachment-medium size-medium wp-image-355\" alt=\"\" srcset=\"https:\/\/laurowisnie.pl\/wp-content\/uploads\/2022\/04\/prunus_lauroseracus_novita_100-200x300.jpg 200w, https:\/\/laurowisnie.pl\/wp-content\/uploads\/2022\/04\/prunus_lauroseracus_novita_100-683x1024.jpg 683w, https:\/\/laurowisnie.pl\/wp-content\/uploads\/2022\/04\/prunus_lauroseracus_novita_100-768x1152.jpg 768w, https:\/\/laurowisnie.pl\/wp-content\/uploads\/2022\/04\/prunus_lauroseracus_novita_100.jpg 800w\" sizes=\"(max-width: 200px) 100vw, 200px\" \/>\t\t\t\t\t\t\t\t\t\t\t\t\t\t\t<\/div>\n\t\t\t\t<\/div>\n\t\t\t\t\t<\/div>\n\t\t<\/div>\n\t\t\t\t<div class=\"elementor-column elementor-col-33 elementor-top-column elementor-element elementor-element-a7cd450\" data-id=\"a7cd450\" data-element_type=\"column\">\n\t\t\t<div class=\"elementor-widget-wrap elementor-element-populated\">\n\t\t\t\t\t\t<div class=\"elementor-element elementor-element-c9dbf38 elementor-widget elementor-widget-text-editor\" data-id=\"c9dbf38\" data-element_type=\"widget\" data-widget_type=\"text-editor.default\">\n\t\t\t\t<div class=\"elementor-widget-container\">\n\t\t\t\t\t\t\t\t\t<h4><span class=\"product-item-smaller\">Laurowi\u015bnia Novita 80-100 cm<\/span><\/h4><h5 class=\"page-title\">\u00a0<\/h5><p>Odleg\u0142o\u015b\u0107 sadzenia: 3,5 szt. na metr<\/p>\t\t\t\t\t\t\t\t<\/div>\n\t\t\t\t<\/div>\n\t\t\t\t\t<\/div>\n\t\t<\/div>\n\t\t\t\t<div class=\"elementor-column elementor-col-33 elementor-top-column elementor-element elementor-element-2b52c88\" data-id=\"2b52c88\" data-element_type=\"column\">\n\t\t\t<div class=\"elementor-widget-wrap elementor-element-populated\">\n\t\t\t\t\t\t<div class=\"elementor-element elementor-element-4467414 elementor-widget elementor-widget-text-editor\" data-id=\"4467414\" data-element_type=\"widget\" data-widget_type=\"text-editor.default\">\n\t\t\t\t<div class=\"elementor-widget-container\">\n\t\t\t\t\t\t\t\t\t<p>CENA 80,00 z\u0142\/ szt.<\/p>\t\t\t\t\t\t\t\t<\/div>\n\t\t\t\t<\/div>\n\t\t\t\t<div class=\"elementor-element elementor-element-d7d3c77 elementor-align-center elementor-widget elementor-widget-button\" data-id=\"d7d3c77\" data-element_type=\"widget\" data-widget_type=\"button.default\">\n\t\t\t\t<div class=\"elementor-widget-container\">\n\t\t\t\t\t\t\t\t\t<div class=\"elementor-button-wrapper\">\n\t\t\t\t\t<a class=\"elementor-button elementor-button-link elementor-size-sm\" href=\"tel:+48536903099\">\n\t\t\t\t\t\t<span class=\"elementor-button-content-wrapper\">\n\t\t\t\t\t\t\t\t\t<span class=\"elementor-button-text\">Tel.<\/span>\n\t\t\t\t\t<\/span>\n\t\t\t\t\t<\/a>\n\t\t\t\t<\/div>\n\t\t\t\t\t\t\t\t<\/div>\n\t\t\t\t<\/div>\n\t\t\t\t\t<\/div>\n\t\t<\/div>\n\t\t\t\t\t<\/div>\n\t\t<\/section>\n\t\t\t\t<section class=\"elementor-section elementor-top-section elementor-element elementor-element-5b98d66 elementor-section-boxed elementor-section-height-default elementor-section-height-default\" data-id=\"5b98d66\" data-element_type=\"section\">\n\t\t\t\t\t\t<div class=\"elementor-container elementor-column-gap-default\">\n\t\t\t\t\t<div class=\"elementor-column elementor-col-33 elementor-top-column elementor-element elementor-element-f1bff41\" data-id=\"f1bff41\" data-element_type=\"column\">\n\t\t\t<div class=\"elementor-widget-wrap elementor-element-populated\">\n\t\t\t\t\t\t<div class=\"elementor-element elementor-element-a1767a1 elementor-widget elementor-widget-image\" data-id=\"a1767a1\" data-element_type=\"widget\" data-widget_type=\"image.default\">\n\t\t\t\t<div class=\"elementor-widget-container\">\n\t\t\t\t\t\t\t\t\t\t\t\t\t\t\t<img decoding=\"async\" width=\"200\" height=\"300\" src=\"https:\/\/laurowisnie.pl\/wp-content\/uploads\/2022\/04\/prunus_laurocerasus_novita-150-200x300.jpg\" class=\"attachment-medium size-medium wp-image-329\" alt=\"\" srcset=\"https:\/\/laurowisnie.pl\/wp-content\/uploads\/2022\/04\/prunus_laurocerasus_novita-150-200x300.jpg 200w, https:\/\/laurowisnie.pl\/wp-content\/uploads\/2022\/04\/prunus_laurocerasus_novita-150-683x1024.jpg 683w, https:\/\/laurowisnie.pl\/wp-content\/uploads\/2022\/04\/prunus_laurocerasus_novita-150-768x1152.jpg 768w, https:\/\/laurowisnie.pl\/wp-content\/uploads\/2022\/04\/prunus_laurocerasus_novita-150.jpg 800w\" sizes=\"(max-width: 200px) 100vw, 200px\" \/>\t\t\t\t\t\t\t\t\t\t\t\t\t\t\t<\/div>\n\t\t\t\t<\/div>\n\t\t\t\t\t<\/div>\n\t\t<\/div>\n\t\t\t\t<div class=\"elementor-column elementor-col-33 elementor-top-column elementor-element elementor-element-4136ca2\" data-id=\"4136ca2\" data-element_type=\"column\">\n\t\t\t<div class=\"elementor-widget-wrap elementor-element-populated\">\n\t\t\t\t\t\t<div class=\"elementor-element elementor-element-7d3af93 elementor-widget elementor-widget-text-editor\" data-id=\"7d3af93\" data-element_type=\"widget\" data-widget_type=\"text-editor.default\">\n\t\t\t\t<div class=\"elementor-widget-container\">\n\t\t\t\t\t\t\t\t\t<h4><span class=\"product-item-smaller\"><span>Laurowi\u015bnia Novita 125-150 cm<\/span><\/span><\/h4><h5 class=\"page-title\">\u00a0<\/h5><p>Odleg\u0142o\u015b\u0107 sadzenia: 2,5 szt. na metr<\/p>\t\t\t\t\t\t\t\t<\/div>\n\t\t\t\t<\/div>\n\t\t\t\t\t<\/div>\n\t\t<\/div>\n\t\t\t\t<div class=\"elementor-column elementor-col-33 elementor-top-column elementor-element elementor-element-8dbca76\" data-id=\"8dbca76\" data-element_type=\"column\">\n\t\t\t<div class=\"elementor-widget-wrap elementor-element-populated\">\n\t\t\t\t\t\t<div class=\"elementor-element elementor-element-09358ff elementor-widget elementor-widget-text-editor\" data-id=\"09358ff\" data-element_type=\"widget\" data-widget_type=\"text-editor.default\">\n\t\t\t\t<div class=\"elementor-widget-container\">\n\t\t\t\t\t\t\t\t\t<p>CENA 200,00 z\u0142\/ szt.<\/p>\t\t\t\t\t\t\t\t<\/div>\n\t\t\t\t<\/div>\n\t\t\t\t<div class=\"elementor-element elementor-element-1bd70d3 elementor-align-center elementor-widget elementor-widget-button\" data-id=\"1bd70d3\" data-element_type=\"widget\" data-widget_type=\"button.default\">\n\t\t\t\t<div class=\"elementor-widget-container\">\n\t\t\t\t\t\t\t\t\t<div class=\"elementor-button-wrapper\">\n\t\t\t\t\t<a class=\"elementor-button elementor-button-link elementor-size-sm\" href=\"tel:+48536903099\">\n\t\t\t\t\t\t<span class=\"elementor-button-content-wrapper\">\n\t\t\t\t\t\t\t\t\t<span class=\"elementor-button-text\">Tel.<\/span>\n\t\t\t\t\t<\/span>\n\t\t\t\t\t<\/a>\n\t\t\t\t<\/div>\n\t\t\t\t\t\t\t\t<\/div>\n\t\t\t\t<\/div>\n\t\t\t\t\t<\/div>\n\t\t<\/div>\n\t\t\t\t\t<\/div>\n\t\t<\/section>\n\t\t\t\t<section class=\"elementor-section elementor-top-section elementor-element elementor-element-da97697 elementor-section-boxed elementor-section-height-default elementor-section-height-default\" data-id=\"da97697\" data-element_type=\"section\">\n\t\t\t\t\t\t<div class=\"elementor-container elementor-column-gap-default\">\n\t\t\t\t\t<div class=\"elementor-column elementor-col-33 elementor-top-column elementor-element elementor-element-a1c1202\" data-id=\"a1c1202\" data-element_type=\"column\">\n\t\t\t<div class=\"elementor-widget-wrap elementor-element-populated\">\n\t\t\t\t\t\t<div class=\"elementor-element elementor-element-09dd42e elementor-widget elementor-widget-image\" data-id=\"09dd42e\" data-element_type=\"widget\" data-widget_type=\"image.default\">\n\t\t\t\t<div class=\"elementor-widget-container\">\n\t\t\t\t\t\t\t\t\t\t\t\t\t\t\t<img loading=\"lazy\" decoding=\"async\" width=\"200\" height=\"300\" src=\"https:\/\/laurowisnie.pl\/wp-content\/uploads\/2022\/04\/prunus_laurocerasus_novita-200-200x300.jpg\" class=\"attachment-medium size-medium wp-image-341\" alt=\"\" srcset=\"https:\/\/laurowisnie.pl\/wp-content\/uploads\/2022\/04\/prunus_laurocerasus_novita-200-200x300.jpg 200w, https:\/\/laurowisnie.pl\/wp-content\/uploads\/2022\/04\/prunus_laurocerasus_novita-200-683x1024.jpg 683w, https:\/\/laurowisnie.pl\/wp-content\/uploads\/2022\/04\/prunus_laurocerasus_novita-200-768x1152.jpg 768w, https:\/\/laurowisnie.pl\/wp-content\/uploads\/2022\/04\/prunus_laurocerasus_novita-200.jpg 800w\" sizes=\"(max-width: 200px) 100vw, 200px\" \/>\t\t\t\t\t\t\t\t\t\t\t\t\t\t\t<\/div>\n\t\t\t\t<\/div>\n\t\t\t\t\t<\/div>\n\t\t<\/div>\n\t\t\t\t<div class=\"elementor-column elementor-col-33 elementor-top-column elementor-element elementor-element-5866a1e\" data-id=\"5866a1e\" data-element_type=\"column\">\n\t\t\t<div class=\"elementor-widget-wrap elementor-element-populated\">\n\t\t\t\t\t\t<div class=\"elementor-element elementor-element-e3298d6 elementor-widget elementor-widget-text-editor\" data-id=\"e3298d6\" data-element_type=\"widget\" data-widget_type=\"text-editor.default\">\n\t\t\t\t<div class=\"elementor-widget-container\">\n\t\t\t\t\t\t\t\t\t<h4><span class=\"product-item-smaller\">Laurowi\u015bnia Novita 175-200 cm<\/span><\/h4><h5 class=\"page-title\">\u00a0<\/h5><p>Odleg\u0142o\u015b\u0107 sadzenia: 2 szt. na metr<\/p>\t\t\t\t\t\t\t\t<\/div>\n\t\t\t\t<\/div>\n\t\t\t\t\t<\/div>\n\t\t<\/div>\n\t\t\t\t<div class=\"elementor-column elementor-col-33 elementor-top-column elementor-element elementor-element-7285579\" data-id=\"7285579\" data-element_type=\"column\">\n\t\t\t<div class=\"elementor-widget-wrap elementor-element-populated\">\n\t\t\t\t\t\t<div class=\"elementor-element elementor-element-6cae97f elementor-widget elementor-widget-text-editor\" data-id=\"6cae97f\" data-element_type=\"widget\" data-widget_type=\"text-editor.default\">\n\t\t\t\t<div class=\"elementor-widget-container\">\n\t\t\t\t\t\t\t\t\t<p>CENA 300,00 z\u0142\/ szt.<\/p>\t\t\t\t\t\t\t\t<\/div>\n\t\t\t\t<\/div>\n\t\t\t\t<div class=\"elementor-element elementor-element-9e1a670 elementor-align-center elementor-widget elementor-widget-button\" data-id=\"9e1a670\" data-element_type=\"widget\" data-widget_type=\"button.default\">\n\t\t\t\t<div class=\"elementor-widget-container\">\n\t\t\t\t\t\t\t\t\t<div class=\"elementor-button-wrapper\">\n\t\t\t\t\t<a class=\"elementor-button elementor-button-link elementor-size-sm\" href=\"tel:+48536903099\">\n\t\t\t\t\t\t<span class=\"elementor-button-content-wrapper\">\n\t\t\t\t\t\t\t\t\t<span class=\"elementor-button-text\">Zam\u00f3w<\/span>\n\t\t\t\t\t<\/span>\n\t\t\t\t\t<\/a>\n\t\t\t\t<\/div>\n\t\t\t\t\t\t\t\t<\/div>\n\t\t\t\t<\/div>\n\t\t\t\t<div class=\"elementor-element elementor-element-5d7e2f2 elementor-widget elementor-widget-text-editor\" data-id=\"5d7e2f2\" data-element_type=\"widget\" data-widget_type=\"text-editor.default\">\n\t\t\t\t<div class=\"elementor-widget-container\">\n\t\t\t\t\t\t\t\t\t<p>Dost\u0119pne ponad 100 szt.<\/p>\t\t\t\t\t\t\t\t<\/div>\n\t\t\t\t<\/div>\n\t\t\t\t\t<\/div>\n\t\t<\/div>\n\t\t\t\t\t<\/div>\n\t\t<\/section>\n\t\t\t\t<\/div>\n\t\t","protected":false},"excerpt":{"rendered":"<p>Du\u017ce krzewy laurowi\u015bni Novita Laurowi\u015bnia Novita 60-80 cm \u00a0 Odleg\u0142o\u015b\u0107 sadzenia: 4 szt. na metr CENA 60,00 z\u0142\/ szt. Tel Laurowi\u015bnia Novita 80-100 cm \u00a0 Odleg\u0142o\u015b\u0107 sadzenia: 3,5 szt. na metr CENA 80,00 z\u0142\/ szt. Tel. Laurowi\u015bnia Novita 125-150 cm \u00a0 Odleg\u0142o\u015b\u0107 sadzenia: 2,5 szt. na metr CENA 200,00 z\u0142\/ szt. Tel. Laurowi\u015bnia Novita 175-200 [&hellip;]<\/p>\n","protected":false},"author":1,"featured_media":0,"parent":0,"menu_order":0,"comment_status":"closed","ping_status":"closed","template":"","meta":{"footnotes":""},"class_list":["post-147","page","type-page","status-publish","hentry"],"yoast_head":"<!-- This site is optimized with the Yoast SEO Premium plugin v22.2 (Yoast SEO v26.8) - https:\/\/yoast.com\/product\/yoast-seo-premium-wordpress\/ -->\n<title>laurowi\u015bnie du\u017ce sadzonki laurowisnie.pl , oferta<\/title>\n<meta name=\"description\" content=\"Sadzonki laurowi\u015bni wschodniej (Prunus laurocerasus) w doniczkach od 2 do 35l. Wysoko\u015b\u0107 sadzonek od 40 cm do 2m\" \/>\n<meta name=\"robots\" content=\"index, follow, max-snippet:-1, max-image-preview:large, max-video-preview:-1\" \/>\n<link rel=\"canonical\" href=\"https:\/\/laurowisnie.pl\/index.php\/oferta-sadzonek\/\" \/>\n<meta property=\"og:locale\" content=\"pl_PL\" \/>\n<meta property=\"og:type\" content=\"article\" \/>\n<meta property=\"og:title\" content=\"Oferta\" \/>\n<meta property=\"og:description\" content=\"Sadzonki laurowi\u015bni wschodniej (Prunus laurocerasus) w doniczkach od 2 do 35l. Wysoko\u015b\u0107 sadzonek od 40 cm do 2m\" \/>\n<meta property=\"og:url\" content=\"https:\/\/laurowisnie.pl\/index.php\/oferta-sadzonek\/\" \/>\n<meta property=\"article:modified_time\" content=\"2025-09-26T08:11:39+00:00\" \/>\n<meta property=\"og:image\" content=\"https:\/\/laurowisnie.pl\/wp-content\/uploads\/2022\/04\/prunus_lauroseracus_novita_80.jpg\" \/>\n\t<meta property=\"og:image:width\" content=\"800\" \/>\n\t<meta property=\"og:image:height\" content=\"1200\" \/>\n\t<meta property=\"og:image:type\" content=\"image\/jpeg\" \/>\n<meta name=\"twitter:card\" content=\"summary_large_image\" \/>\n<meta name=\"twitter:label1\" content=\"Szacowany czas czytania\" \/>\n\t<meta name=\"twitter:data1\" content=\"2 minuty\" \/>\n<script type=\"application\/ld+json\" class=\"yoast-schema-graph\">{\"@context\":\"https:\/\/schema.org\",\"@graph\":[{\"@type\":\"WebPage\",\"@id\":\"https:\/\/laurowisnie.pl\/index.php\/oferta-sadzonek\/\",\"url\":\"https:\/\/laurowisnie.pl\/index.php\/oferta-sadzonek\/\",\"name\":\"laurowi\u015bnie du\u017ce sadzonki laurowisnie.pl , oferta\",\"isPartOf\":{\"@id\":\"https:\/\/laurowisnie.pl\/#website\"},\"primaryImageOfPage\":{\"@id\":\"https:\/\/laurowisnie.pl\/index.php\/oferta-sadzonek\/#primaryimage\"},\"image\":{\"@id\":\"https:\/\/laurowisnie.pl\/index.php\/oferta-sadzonek\/#primaryimage\"},\"thumbnailUrl\":\"https:\/\/laurowisnie.pl\/wp-content\/uploads\/2022\/04\/prunus_lauroseracus_novita_80-200x300.jpg\",\"datePublished\":\"2020-08-27T23:19:42+00:00\",\"dateModified\":\"2025-09-26T08:11:39+00:00\",\"description\":\"Sadzonki laurowi\u015bni wschodniej (Prunus laurocerasus) w doniczkach od 2 do 35l. Wysoko\u015b\u0107 sadzonek od 40 cm do 2m\",\"breadcrumb\":{\"@id\":\"https:\/\/laurowisnie.pl\/index.php\/oferta-sadzonek\/#breadcrumb\"},\"inLanguage\":\"pl-PL\",\"potentialAction\":[{\"@type\":\"ReadAction\",\"target\":[\"https:\/\/laurowisnie.pl\/index.php\/oferta-sadzonek\/\"]}]},{\"@type\":\"ImageObject\",\"inLanguage\":\"pl-PL\",\"@id\":\"https:\/\/laurowisnie.pl\/index.php\/oferta-sadzonek\/#primaryimage\",\"url\":\"https:\/\/laurowisnie.pl\/wp-content\/uploads\/2022\/04\/prunus_lauroseracus_novita_80.jpg\",\"contentUrl\":\"https:\/\/laurowisnie.pl\/wp-content\/uploads\/2022\/04\/prunus_lauroseracus_novita_80.jpg\",\"width\":800,\"height\":1200},{\"@type\":\"BreadcrumbList\",\"@id\":\"https:\/\/laurowisnie.pl\/index.php\/oferta-sadzonek\/#breadcrumb\",\"itemListElement\":[{\"@type\":\"ListItem\",\"position\":1,\"name\":\"Strona g\u0142\u00f3wna\",\"item\":\"https:\/\/laurowisnie.pl\/\"},{\"@type\":\"ListItem\",\"position\":2,\"name\":\"Oferta\"}]},{\"@type\":\"WebSite\",\"@id\":\"https:\/\/laurowisnie.pl\/#website\",\"url\":\"https:\/\/laurowisnie.pl\/\",\"name\":\"\",\"description\":\"\",\"potentialAction\":[{\"@type\":\"SearchAction\",\"target\":{\"@type\":\"EntryPoint\",\"urlTemplate\":\"https:\/\/laurowisnie.pl\/?s={search_term_string}\"},\"query-input\":{\"@type\":\"PropertyValueSpecification\",\"valueRequired\":true,\"valueName\":\"search_term_string\"}}],\"inLanguage\":\"pl-PL\"}]}<\/script>\n<!-- \/ Yoast SEO Premium plugin. -->","yoast_head_json":{"title":"laurowi\u015bnie du\u017ce sadzonki laurowisnie.pl , oferta","description":"Sadzonki laurowi\u015bni wschodniej (Prunus laurocerasus) w doniczkach od 2 do 35l. Wysoko\u015b\u0107 sadzonek od 40 cm do 2m","robots":{"index":"index","follow":"follow","max-snippet":"max-snippet:-1","max-image-preview":"max-image-preview:large","max-video-preview":"max-video-preview:-1"},"canonical":"https:\/\/laurowisnie.pl\/index.php\/oferta-sadzonek\/","og_locale":"pl_PL","og_type":"article","og_title":"Oferta","og_description":"Sadzonki laurowi\u015bni wschodniej (Prunus laurocerasus) w doniczkach od 2 do 35l. Wysoko\u015b\u0107 sadzonek od 40 cm do 2m","og_url":"https:\/\/laurowisnie.pl\/index.php\/oferta-sadzonek\/","article_modified_time":"2025-09-26T08:11:39+00:00","og_image":[{"width":800,"height":1200,"url":"https:\/\/laurowisnie.pl\/wp-content\/uploads\/2022\/04\/prunus_lauroseracus_novita_80.jpg","type":"image\/jpeg"}],"twitter_card":"summary_large_image","twitter_misc":{"Szacowany czas czytania":"2 minuty"},"schema":{"@context":"https:\/\/schema.org","@graph":[{"@type":"WebPage","@id":"https:\/\/laurowisnie.pl\/index.php\/oferta-sadzonek\/","url":"https:\/\/laurowisnie.pl\/index.php\/oferta-sadzonek\/","name":"laurowi\u015bnie du\u017ce sadzonki laurowisnie.pl , oferta","isPartOf":{"@id":"https:\/\/laurowisnie.pl\/#website"},"primaryImageOfPage":{"@id":"https:\/\/laurowisnie.pl\/index.php\/oferta-sadzonek\/#primaryimage"},"image":{"@id":"https:\/\/laurowisnie.pl\/index.php\/oferta-sadzonek\/#primaryimage"},"thumbnailUrl":"https:\/\/laurowisnie.pl\/wp-content\/uploads\/2022\/04\/prunus_lauroseracus_novita_80-200x300.jpg","datePublished":"2020-08-27T23:19:42+00:00","dateModified":"2025-09-26T08:11:39+00:00","description":"Sadzonki laurowi\u015bni wschodniej (Prunus laurocerasus) w doniczkach od 2 do 35l. Wysoko\u015b\u0107 sadzonek od 40 cm do 2m","breadcrumb":{"@id":"https:\/\/laurowisnie.pl\/index.php\/oferta-sadzonek\/#breadcrumb"},"inLanguage":"pl-PL","potentialAction":[{"@type":"ReadAction","target":["https:\/\/laurowisnie.pl\/index.php\/oferta-sadzonek\/"]}]},{"@type":"ImageObject","inLanguage":"pl-PL","@id":"https:\/\/laurowisnie.pl\/index.php\/oferta-sadzonek\/#primaryimage","url":"https:\/\/laurowisnie.pl\/wp-content\/uploads\/2022\/04\/prunus_lauroseracus_novita_80.jpg","contentUrl":"https:\/\/laurowisnie.pl\/wp-content\/uploads\/2022\/04\/prunus_lauroseracus_novita_80.jpg","width":800,"height":1200},{"@type":"BreadcrumbList","@id":"https:\/\/laurowisnie.pl\/index.php\/oferta-sadzonek\/#breadcrumb","itemListElement":[{"@type":"ListItem","position":1,"name":"Strona g\u0142\u00f3wna","item":"https:\/\/laurowisnie.pl\/"},{"@type":"ListItem","position":2,"name":"Oferta"}]},{"@type":"WebSite","@id":"https:\/\/laurowisnie.pl\/#website","url":"https:\/\/laurowisnie.pl\/","name":"","description":"","potentialAction":[{"@type":"SearchAction","target":{"@type":"EntryPoint","urlTemplate":"https:\/\/laurowisnie.pl\/?s={search_term_string}"},"query-input":{"@type":"PropertyValueSpecification","valueRequired":true,"valueName":"search_term_string"}}],"inLanguage":"pl-PL"}]}},"_links":{"self":[{"href":"https:\/\/laurowisnie.pl\/index.php\/wp-json\/wp\/v2\/pages\/147","targetHints":{"allow":["GET"]}}],"collection":[{"href":"https:\/\/laurowisnie.pl\/index.php\/wp-json\/wp\/v2\/pages"}],"about":[{"href":"https:\/\/laurowisnie.pl\/index.php\/wp-json\/wp\/v2\/types\/page"}],"author":[{"embeddable":true,"href":"https:\/\/laurowisnie.pl\/index.php\/wp-json\/wp\/v2\/users\/1"}],"replies":[{"embeddable":true,"href":"https:\/\/laurowisnie.pl\/index.php\/wp-json\/wp\/v2\/comments?post=147"}],"version-history":[{"count":90,"href":"https:\/\/laurowisnie.pl\/index.php\/wp-json\/wp\/v2\/pages\/147\/revisions"}],"predecessor-version":[{"id":1393,"href":"https:\/\/laurowisnie.pl\/index.php\/wp-json\/wp\/v2\/pages\/147\/revisions\/1393"}],"wp:attachment":[{"href":"https:\/\/laurowisnie.pl\/index.php\/wp-json\/wp\/v2\/media?parent=147"}],"curies":[{"name":"wp","href":"https:\/\/api.w.org\/{rel}","templated":true}]}}